78 is divided by y.
19
Let d be 3 + (13 - (-5 + 1)). Suppose d*g + 30 = 25*g. Suppose g*c = 5*c + 14. What is the remainder when 55 is divided by c?
13
Let h(f) = -28*f - 12. Let j be h(10). Calculate the remainder when ((-3)/(-3))/((-4)/j) is divided by 38.
35
Let u = 735 + -697. What is the remainder when u is divided by 13?
12
Suppose -3*a - 213 = -258. Calculate the remainder when 236 is divided by a.
11
Suppose 63*a = 57*a + 48. Suppose -a*y + 390 = 7*y. Calculate the remainder when 127 is divided by y.
23
Suppose 0 = 6*g + 204 - 12. Let c = -11 - g. Calculate the remainder when 61 is divided by c.
19
Suppose -46 - 404 = -3*c. Let k = c + -273. Let t = -18 - k. Calculate the remainder when t is divided by 27.
24
Suppose 9 = 3*k - 30. Let q = -25 + 48. Let a = q - k. Calculate the remainder when 39 is divided by a.
9
Let x(r) = -r**3 - 3*r**2 + 4*r + 6. Let u be x(-5). Suppose -84 = -4*z + 2*t, 0 = z + z - 4*t - u. What is the remainder when 85 is divided by z?
19
Suppose -3*k + 33 = 40*i - 37*i, 0 = 3*i. Calculate the remainder when 109 is divided by k.
10
Let g(y) = -18*y + 5. Suppose -35 = 3*p + 34. Let c = p - -47. What is the remainder when g(-5) is divided by c?
23
Suppose 40 = g + g + 4*u, 2*g - 64 = 2*u. Suppose 5*l + 5*h = 35, 3*l - 4*h = -3*h + 17. What is the remainder when g is divided by l?
4
Let w(g) = 8*g**2 - 148*g - 2. Calculate the remainder when w(19) is divided by 19.
17
Let u = 3 + 0. Let m(x) = x**2 - 4*x + 3. Let l be m(2). Let y = u - l. Calculate the remainder when 15 is divided by y.
3
Suppose 2*a = 4*n + 670, -2*a + 674 = 671*n - 674*n. Calculate the remainder when a is divided by 80.
23
Let r(x) = 2*x**2 - 4*x - 1. Let u = 284 + -272. Calculate the remainder when r(-4) is divided by u.
11
Let s(t) = 2*t**3 + 8*t**2 + 9*t + 23. What is the remainder when 314 is divided by s(-2)?
20
Suppose f - 36 = -2*f. Suppose 0 = 4*o + 39 - 171. Calculate the remainder when o is divided by f.
9
Suppose -6*z - 4375 = -41*z. Suppose r + 4*t = -4, -4*t = -2 + 10. Suppose -r*f - 128 = -8*f. Calculate the remainder when z is divided by f.
29
What is the remainder when 6*192/90*5 is divided by 34?
30
Let h = 787 - 731. What is the remainder when 385 is divided by h?
49
Let l(f) = -f - 7. Let u be l(-8). Suppose -2*k + 6 = 2*h - 0, 3*k + 12 = 0. Calculate the remainder when (u + 1)*11 - -3 is divided by h.
4
Let g be 1/(-6) + 35/30. Let r(o) = -4 + g + 2*o - 1. Calculate the remainder when r(7) is divided by 6.
4
Let k be 20164/(-30) + (-12)/(-90). Calculate the remainder when -53*(3/3)/(-1) is divided by 2/13 + k/(-26) + 1.
26
Suppose 0 = 6*j + 2*j - 16. Suppose -5*l + 89 = 2*z - 58, -j*l + z = -57. What is the remainder when 81 is divided by l?
23
Suppose -1716 = 37*c - 50*c. What is the remainder when c is divided by 60?
12
Let x(p) = p**3 + 5*p**2 - 7*p - 2. Let t be (-3 - 240/4) + 3 - 0. Let h = t + 75. Calculate the remainder when h is divided by x(-6).
3
Calculate the remainder when (-1)/(1/5) + 2394/14 is divided by 40.
6
Suppose -4*b + 145 = 5*j - 52, j = 3*b - 162. What is the remainder when 367 is divided by b?
49
Let f = -40 - -51. Let j be (-1)/(-3) - (-37)/(-3). Let c = -6 - j. Calculate the remainder when f is divided by c.
5
Let r(k) = -k - 4. Let p(o) = o**2 - 4 - o**3 - 2*o**3 - 4 - 2*o + 2*o**3. Let l be p(0). Calculate the remainder when 13 is divided by r(l).
1
Let m(t) = 3*t**2 - 14*t + 6. Let u be m(6). Let k = -17 + u. What is the remainder when k is divided by 7?
6
Suppose 106*i - 103 = 101*i + 3*k, -4*k - 30 = -2*i. What is the remainder when 213 is divided by i?
6
Let d(y) = -17*y - 207. Calculate the remainder when 89 is divided by d(-14).
27
Suppose -3*p - 2*l = 2 - 1, -5*p = 5*l + 10. Suppose 0 = p*h - 162 + 147. Calculate the remainder when h is divided by 1.
0
Let p be (98/28)/((-1)/14). Let t = p - -73. Calculate the remainder when 69 is divided by t.
21
What is the remainder when 24 is divided by 20*(5 + -4 + 0)?
4
Suppose -5*q - 519 = -2*o - 93, -4*o + 5*q + 842 = 0. Calculate the remainder when o is divided by 21.
19
Let c(w) = -3*w**2 + 5*w + 16. Let y be c(4). Let q(o) = -o**3 - 11*o**2 + 8*o - 25. Calculate the remainder when 37 is divided by q(y).
14
Calculate the remainder when (-18)/(-5 + (-141)/(-30)) is divided by 22.
16
Suppose 0 = 5*t - 37 - 268. Suppose -3*s - 7 = 11. Calculate the remainder when t is divided by (4/s)/((-12)/558).
30
Suppose 0 = 545*c - 548*c + 9. Let r(p) = p**3 + 3*p**2 - p + 1. Let o be r(-3). What is the remainder when 76 is divided by c*o + (-10)/(-10)?
11
Suppose -2*b = 2*b. Suppose j + b*y - 2*y = -1, 0 = 2*j + 2*y - 28. Let d(x) = 2*x**2 + 2*x - 5. What is the remainder when d(4) is divided by j?
8
Let k be (1 - 2)*6 - 1. Let c = 12 + k. Calculate the remainder when (-43)/(-3) - 1/3 is divided by c.
4
Let x(j) = 5*j**2 + j - 2. Let z be -2 - 0/(4/2). Let r = 113 - 53. What is the remainder when r is divided by x(z)?
12
What is the remainder when (-15)/((-90)/16)*(-147)/(-2) is divided by 101?
95
Suppose 0 = 4*h + h - 140. Let w = 67 - h. Suppose -3*y + 63 = -0*y. What is the remainder when w is divided by y?
18
Let k(w) = w**3 - 7*w**2 - 11*w - 13. Let f be k(9). Suppose -r - 87 = 4*j - 0*r, -2*j - 4*r = 40. Let t = f + j. What is the remainder when t is divided by 10?
8
Let k(o) = o**3 + 13*o**2 + 21*o. Let a be k(-9). Suppose -2*m + 120 = 2*u, -3*m + 6*m = 2*u - a. Calculate the remainder when 122 is divided by u.
59
Let y(r) = -r**2 + r + 6*r + 1 + 0. Suppose 4*d + 76 = 4*w, -w + 2 = -2*d - 16. Calculate the remainder when w is divided by y(5).
9
Let a(w) = -w**3 + 2*w**2 + 36*w - 93. Suppose -b - 59 = -t + 2*b, 197 = 3*t - 4*b. What is the remainder when t is divided by a(5)?
11
Let w be (-7)/((-3)/(-6)*2). Let l = 12 + w. Suppose -3*z = -l*z + 68. Calculate the remainder when z is divided by 12.
10
Suppose 0 = 3*d - 6*d + 930. Suppose -2*i + 125 = g, 0 = -3*i - 2*i - 5*g + d. Calculate the remainder when i is divided by 16.
15
Suppose 0 = -2*j + 25 + 19. Suppose 5*m + 47 = x, -x - 5*m + 53 = 16. Calculate the remainder when x is divided by j.
20
Let v = 1324 - 1312. Calculate the remainder when 416 is divided by v.
8
Suppose 0*q - q = 5*v - 15, -4*v = 2*q - 48. Suppose 0 = -3*h + h + q. What is the remainder when 58 is divided by h?
13
Let c(n) = -n + 18. Calculate the remainder when 1024 is divided by c(-9).
25
Suppose -3*s = -3*o + 237, -3*s + 0*o + 4*o - 237 = 0. Let r = -20 - s. Calculate the remainder when r is divided by 21.
17
Let l(m) = -m**2 - 34*m + 331. Suppose 0 = -u + 3*u - 8. Suppose u*i - c - 52 = -3*c, -5*c = -2*i + 50. Calculate the remainder when l(-41) is divided by i.
14
Suppose 7 = 8*t - 49. Let n = 14 + -10. Suppose 3*x - 86 = -2*d - 3*d, 3*d + n*x = 45. Calculate the remainder when d is divided by t.
5
Let l = 308 - 214. What is the remainder when l is divided by 24?
22
Suppose 10*w - 868 + 268 = 0. Suppose 0 = -9*m + 3 + w. Suppose 0 = 2*a - a - 5. What is the remainder when m is divided by a?
2
Suppose 0 = -l + 5. Suppose -2*d = -37*d + 350. Calculate the remainder when d is divided by l.
0
Let m(u) = -2*u**3 + 7*u**2 - 3*u + 2. Let z be m(5). Let d = z + -9. Let s = d - -142. What is the remainder when s is divided by 12?
9
Suppose -8*p = -14*p + 180. Let u = 98 + 20. Calculate the remainder when u is divided by p.
28
What is the remainder when (-37925)/(-481) - (-2)/13 is divided by 8?
7
Let t(u) be the first derivative of u**2 - 3*u - 5. Calculate the remainder when t(10) is divided by 6.
5
Suppose 4*s = 52 - 0. Let p = s - 9. Suppose 13 + 27 = 4*l. What is the remainder when l is divided by p?
2
Let b be (-1 - 351/(-15))/(4/50). Suppose 6*g - 938 - b = 0. What is the remainder when g is divided by 41?
39
Suppose 13*f + 85 - 332 = 0. What is the remainder when 55 is divided by f?
17
Suppose 0 = -4*o + 6*o - 44. What is the remainder when 37 is divided by o?
15
Suppose -11*c + 16*c = 70. Let q(w) = -w**2 + 15*w + 15. Let j(u) = 2*u - 1. What is the remainder when q(c) is divided by j(8)?
14
Let p = -41 - -30. Let s(g) = -g**3 - 11*g**2 - 3*g - 12. Calculate the remainder when 60 is divided by s(p).
18
Let l(f) = -42*f**2. Let r(w) = w**2. Let o = 1 + 4. Let s(k) = o*r(k) - l(k). Calculate the remainder when s(1) is divided by 